{"id":4280,"date":"2023-08-17T14:41:06","date_gmt":"2023-08-17T17:41:06","guid":{"rendered":"https:\/\/o-s-p-l.org\/index.php\/cartilla-copy\/"},"modified":"2023-09-28T17:41:30","modified_gmt":"2023-09-28T20:41:30","slug":"discapacidad","status":"publish","type":"page","link":"https:\/\/ospl.ar\/index.php\/discapacidad\/","title":{"rendered":"Discapacidad 2023"},"content":{"rendered":"<section class=\"wpb-content-wrapper\"><p>[vc_row css=&#8221;.vc_custom_1692288943315{padding-top: 55px !important;padding-bottom: 15px !important;background-color: #008fd3 !important;}&#8221;][vc_column][vc_row_inner][vc_column_inner][vc_column_text]<\/p>\n<h1 style=\"color: white; text-align: center;\">Discapacidad 2023<\/h1>\n<div id=\"gtx-trans\" style=\"position: absolute; left: 210px; top: -1.0625px;\">\n<div class=\"gtx-trans-icon\"><\/div>\n<\/div>\n<p>[\/vc_column_text][\/vc_column_inner][\/vc_row_inner][\/vc_column][\/vc_row][vc_row content_placement=&#8221;middle&#8221; css=&#8221;.vc_custom_1547137423651{padding-top: 120px !important;padding-bottom: 50px !important;}&#8221;][vc_column align=&#8221;text-center&#8221; offset=&#8221;vc_col-md-offset-0 vc_col-md-6&#8243;]<div id=\"ld_images_group_container_69e73b613ec42\" class=\"liquid-img-group-container ld_images_group_container_69e73b613ec42\"  >\n\t<div class=\"liquid-img-group-inner\">\n\t\t<div id=\"ld_images_group_element_69e73b613f109\" class=\"liquid-img-group-single ld_images_group_element_69e73b613f109\" data-shadow-style=\"4\" data-roundness=\"4\" data-inview=\"true\" data-animate-shadow=\"true\">\n\t\n\t\t\n\t<div class=\"liquid-img-group-img-container\">\n\t\t\n\t\t\n\t\t\t\t\n\t\t\t\t<div class=\"liquid-img-container-inner\" >\n\t\t\t<figure ><img width=\"1648\" height=\"1694\" src=\"data:image\/svg+xml;charset=utf-8,&lt;svg xmlns%3D&#039;http%3A%2F%2Fwww.w3.org%2F2000%2Fsvg&#039; viewBox%3D&#039;0 0 1648 1694&#039;%2F&gt;\" class=\"attachment-full size-full ld-lazyload\" alt=\"\" decoding=\"async\" loading=\"lazy\" srcset=\"\" sizes=\"(max-width: 1648px) 100vw, 1648px\" data-src=\"https:\/\/ospl.ar\/wp-content\/uploads\/2023\/09\/Captura-de-pantalla-2023-09-04-a-las-19.06.57.png\" data-srcset=\"https:\/\/ospl.ar\/wp-content\/uploads\/2023\/09\/Captura-de-pantalla-2023-09-04-a-las-19.06.57.png 1648w, https:\/\/ospl.ar\/wp-content\/uploads\/2023\/09\/Captura-de-pantalla-2023-09-04-a-las-19.06.57-292x300.png 292w, https:\/\/ospl.ar\/wp-content\/uploads\/2023\/09\/Captura-de-pantalla-2023-09-04-a-las-19.06.57-996x1024.png 996w\" data-aspect=\"0.9728453364817\" \/><\/figure>\t\t\t\t\t<\/div><!-- \/.liquid-img-container-inner -->\n\t\t\n\t<\/div><!-- \/.liquid-img-group-content -->\n<\/div><!-- \/.liquid-img-group-single -->\n\t\n\t<\/div><!-- \/.liquid-img-group-inner -->\n<\/div><!-- \/.liquid-img-group-container -->[\/vc_column][vc_column enable_content_animation=&#8221;yes&#8221; ca_init_scale_x=&#8221;1&#8243; ca_init_scale_y=&#8221;1&#8243; ca_init_scale_z=&#8221;1&#8243; ca_init_opacity=&#8221;0&#8243; ca_an_scale_x=&#8221;1&#8243; ca_an_scale_y=&#8221;1&#8243; ca_an_scale_z=&#8221;1&#8243; ca_an_opacity=&#8221;1&#8243; offset=&#8221;vc_col-md-6&#8243; responsive_css=&#8221;padding_right_medium:7%25|padding_left_medium:12%25&#8243; ca_duration=&#8221;1600&#8243; ca_delay=&#8221;160&#8243; ca_init_translate_y=&#8221;30&#8243;][vc_column_text]<\/p>\n<h3 class=\"p2\" style=\"text-align: left;\"><b>COBERTURA M\u00c9DICA DE PERSONAS CON DISCAPACIDAD LEY 24901 <\/b><\/h3>\n<p>[\/vc_column_text][vc_empty_space][vc_column_text]<\/p>\n<p class=\"p2\" style=\"text-align: left;\"><span class=\"s2\">La Obra Social del Personal Ladrillero brinda a los afiliados que <\/span>cuenten con el correspondiente Certificado de Discapacidad expedido por autoridad competente, <span class=\"s2\">la cobertura integral de las prestaciones <\/span>que necesite una persona para su inclusi\u00f3n, habilitaci\u00f3n y\/o rehabilitaci\u00f3n.<\/p>\n<p>[\/vc_column_text]<style>.ld_spacer_69e73b615bdcc{height:32px;}<\/style>\n<div class=\"ld-empty-space ld_spacer_69e73b615bdcc\"><span class=\"liquid_empty_space_inner\"><\/span><\/div>[\/vc_column][\/vc_row][vc_row css=&#8221;.vc_custom_1693864493439{background-color: #eaeaea !important;}&#8221;][vc_column][vc_empty_space height=&#8221;80px&#8221;][vc_row_inner][vc_column_inner][vc_column_text]<\/p>\n<h3 class=\"p2\" style=\"text-align: left;\"><b>CARTILLA DISCAPACIDAD <\/b><\/h3>\n<p>[\/vc_column_text][vc_empty_space][vc_column_text]<\/p>\n<p class=\"p2\" style=\"text-align: left;\"><span class=\"s2\">Se garantiza el acceso integral a la cobertura establecida en la Ley N\u00ba 24.901, que instituye el Sistema de prestaciones b\u00e1sicas en habilitaci\u00f3n y rehabilitaci\u00f3n integral a favor de las personas con discapacidad, y su Decreto reglamentario, en el marco del Nomenclador de Prestaciones B\u00e1sicas para personas con discapacidad seg\u00fan lo establecido por Resoluci\u00f3n N\u00b0 428\/99 MSAL y normas complementarias.<\/span><\/p>\n<p>[\/vc_column_text][vc_empty_space]<style>.ld_button_69e73b615bedd.btn-icon-solid .btn-icon{background:#ff7012;}.ld_button_69e73b615bedd.btn-icon-circle.btn-icon-ripple .btn-icon:before{border-color:#ff7012;}.ld_button_69e73b615bedd.btn-icon-solid:hover .btn-icon{background:#008fd1;}.ld_button_69e73b615bedd{background-color:#ff7012;border-color:#ff7012;color:rgb(255, 255, 255);font-size:15px !important;letter-spacing:0.01em !important;}.ld_button_69e73b615bedd:hover{background-color:#008fd1;border-color:#008fd1;}.ld_button_69e73b615bedd .btn-gradient-bg-hover{background:-webkit-linear-gradient(to right, #008fd1 0%, #008fd1 100%);background:linear-gradient(to right, #008fd1 0%, #008fd1 100%);}.ld_button_69e73b615bedd .btn-gradient-border defs stop:first-child{stop-color:#ff7012;}.ld_button_69e73b615bedd .btn-gradient-border defs stop:last-child{stop-color:#ff7012;}.ld_button_69e73b615bedd:hover .btn-gradient-border defs stop:first-child{stop-color:#008fd1;}.ld_button_69e73b615bedd:hover .btn-gradient-border defs stop:last-child{stop-color:#008fd1;}<\/style><a href=\"https:\/\/o-s-p-l.org\/wp-content\/uploads\/2023\/09\/RNOS-No110305-RES-No2165-2021-ANEXO-IV-C-ARTILLA-PRESTADORES-DISCAPACIDAD-2023.pdf\" target=\"_blank\" class=\"btn btn-solid btn-bordered border-thin ld_button_69e73b615bedd vc_custom_1695933327896\">\n\t<span>\n\t\t\n\t\t\t\t\t<span class=\"btn-txt\">DESCARGAR<\/span>\n\t\t\t\n\t\t\t\t<\/span>\n<\/a>\n[\/vc_column_inner][\/vc_row_inner][vc_empty_space height=&#8221;80px&#8221;][\/vc_column][\/vc_row][vc_row][vc_column][vc_empty_space height=&#8221;80px&#8221;][vc_row_inner][vc_column_inner][vc_column_text]<\/p>\n<h3 class=\"p2\" style=\"text-align: left;\"><b>INSTRUCTIVO DE DISCAPACIDAD 2023 <\/b><\/h3>\n<p>[\/vc_column_text][vc_empty_space][vc_column_text]<\/p>\n<p class=\"p2\" style=\"text-align: left;\">Descargue formularios e instructivos para tr\u00e1mites de discapacidad<\/p>\n<p>[\/vc_column_text][vc_empty_space][vc_empty_space][vc_column_text]<\/p>\n<h5 style=\"text-align: left;\"><strong>DOCUMENTOS VIGENTES<\/strong><\/h5>\n<p>[\/vc_column_text][vc_empty_space]<style>.ld_icon_box_69e73b615d628 h3{margin-bottom:px;}.ld_icon_box_69e73b615d628 .iconbox-icon-container{border-radius:px;}<\/style>\n<div class=\"iconbox iconbox-side iconbox-xs ld_icon_box_69e73b615d628\" id=\"ld_icon_box_69e73b615d628\"   >\n\t\n\t\t<div class=\"iconbox-icon-wrap\"><span class=\"iconbox-icon-container\"><i class=\"fas fa-file-pdf\"><\/i><\/span><\/div><!-- \/.iconbox-icon-wrap -->\t\n\t\t\n\t<div class=\"contents\">\t\n\t\t<p><a href=\"https:\/\/o-s-p-l.org\/wp-admin\/upload.php?item=4403\">INSTRUCTIVO Y FORMULARIOS PRESTACIONES EDUCATIVAS TERAPEUTICAS<\/a><\/p>\n\t\t\n\t<\/div>\t\n\t<a href=\"https:\/\/o-s-p-l.org\/wp-content\/uploads\/2023\/09\/INSTRUCTIVO-Y-FORMULARIOS-PRESTACIONES-EDUCATIVAS-TERAPEUTICAS.pdf\" title=\"INSTRUCTIVO Y FORMULARIOS PRESTACIONES EDUCATIVAS TERAPEUTICAS\" class=\"liquid-overlay-link z-index-2\"><\/a>\n<\/div>\n<style>.ld_icon_box_69e73b615e6ec h3{margin-bottom:px;}.ld_icon_box_69e73b615e6ec .iconbox-icon-container{border-radius:px;}<\/style>\n<div class=\"iconbox iconbox-side iconbox-xs ld_icon_box_69e73b615e6ec\" id=\"ld_icon_box_69e73b615e6ec\"   >\n\t\n\t\t<div class=\"iconbox-icon-wrap\"><span class=\"iconbox-icon-container\"><i class=\"fas fa-file-pdf\"><\/i><\/span><\/div><!-- \/.iconbox-icon-wrap -->\t\n\t\t\n\t<div class=\"contents\">\t\n\t\t<p><a href=\"https:\/\/o-s-p-l.org\/wp-content\/uploads\/2023\/09\/INSTRUCTIVO-Y-FORMULARIOS-REQUISITOS-GENERALES-AFILIADOS.pdf\">INSTRUCTIVO Y FORMULARIOS REQUISITOS GENERALES AFILIADOS<\/a><\/p>\n\t\t\n\t<\/div>\t\n\t<a href=\"https:\/\/o-s-p-l.org\/wp-content\/uploads\/2023\/09\/INSTRUCTIVO-Y-FORMULARIOS-PRESTACIONES-EDUCATIVAS-TERAPEUTICAS.pdf\" title=\"INSTRUCTIVO Y FORMULARIOS PRESTACIONES EDUCATIVAS TERAPEUTICAS\" class=\"liquid-overlay-link z-index-2\"><\/a>\n<\/div>\n<style>.ld_icon_box_69e73b615f4e4 h3{margin-bottom:px;}.ld_icon_box_69e73b615f4e4 .iconbox-icon-container{border-radius:px;}<\/style>\n<div class=\"iconbox iconbox-side iconbox-xs ld_icon_box_69e73b615f4e4\" id=\"ld_icon_box_69e73b615f4e4\"   >\n\t\n\t\t<div class=\"iconbox-icon-wrap\"><span class=\"iconbox-icon-container\"><i class=\"fas fa-file-pdf\"><\/i><\/span><\/div><!-- \/.iconbox-icon-wrap -->\t\n\t\t\n\t<div class=\"contents\">\t\n\t\t<p><a href=\"https:\/\/o-s-p-l.org\/wp-content\/uploads\/2023\/09\/INSTRUCTIVO-Y-FORMULARIOS-TRANSPORTE-ESPECIAL.pdf\">INSTRUCTIVO Y FORMULARIOS TRANSPORTE ESPECIAL<\/a><\/p>\n\t\t\n\t<\/div>\t\n\t<a href=\"https:\/\/o-s-p-l.org\/wp-content\/uploads\/2023\/09\/INSTRUCTIVO-Y-FORMULARIOS-PRESTACIONES-EDUCATIVAS-TERAPEUTICAS.pdf\" title=\"INSTRUCTIVO Y FORMULARIOS PRESTACIONES EDUCATIVAS TERAPEUTICAS\" class=\"liquid-overlay-link z-index-2\"><\/a>\n<\/div>\n<style>.ld_icon_box_69e73b615f712 h3{margin-bottom:px;}.ld_icon_box_69e73b615f712 .iconbox-icon-container{border-radius:px;}<\/style>\n<div class=\"iconbox iconbox-side iconbox-xs ld_icon_box_69e73b615f712\" id=\"ld_icon_box_69e73b615f712\"   >\n\t\n\t\t<div class=\"iconbox-icon-wrap\"><span class=\"iconbox-icon-container\"><i class=\"fas fa-file-pdf\"><\/i><\/span><\/div><!-- \/.iconbox-icon-wrap -->\t\n\t\t\n\t<div class=\"contents\">\t\n\t\t<p><a href=\"https:\/\/o-s-p-l.org\/wp-content\/uploads\/2023\/09\/INSTRUCTIVO-Y-FORMULARIOS-TRATAMIENTOS-DE-REHABILITACION.pdf\">INSTRUCTIVO Y FORMULARIOS TRATAMIENTOS DE REHABILITACION<\/a><\/p>\n\t\t\n\t<\/div>\t\n\t<a href=\"https:\/\/o-s-p-l.org\/wp-content\/uploads\/2023\/09\/INSTRUCTIVO-Y-FORMULARIOS-PRESTACIONES-EDUCATIVAS-TERAPEUTICAS.pdf\" title=\"INSTRUCTIVO Y FORMULARIOS PRESTACIONES EDUCATIVAS TERAPEUTICAS\" class=\"liquid-overlay-link z-index-2\"><\/a>\n<\/div>\n<style>.ld_icon_box_69e73b615f803 h3{margin-bottom:px;}.ld_icon_box_69e73b615f803 .iconbox-icon-container{border-radius:px;}<\/style>\n<div class=\"iconbox iconbox-side iconbox-xs ld_icon_box_69e73b615f803\" id=\"ld_icon_box_69e73b615f803\"   >\n\t\n\t\t<div class=\"iconbox-icon-wrap\"><span class=\"iconbox-icon-container\"><i class=\"fas fa-file-pdf\"><\/i><\/span><\/div><!-- \/.iconbox-icon-wrap -->\t\n\t\t\n\t<div class=\"contents\">\t\n\t\t<p><a href=\"https:\/\/o-s-p-l.org\/wp-content\/uploads\/2023\/09\/PLANILLA-DE-ASISTENCIA-MENSUAL-TRANSPORTE.pdf\">PLANILLA DE ASISTENCIA MENSUAL -TRANSPORTE<\/a><\/p>\n\t\t\n\t<\/div>\t\n\t<a href=\"https:\/\/o-s-p-l.org\/wp-content\/uploads\/2023\/09\/INSTRUCTIVO-Y-FORMULARIOS-PRESTACIONES-EDUCATIVAS-TERAPEUTICAS.pdf\" title=\"INSTRUCTIVO Y FORMULARIOS PRESTACIONES EDUCATIVAS TERAPEUTICAS\" class=\"liquid-overlay-link z-index-2\"><\/a>\n<\/div>\n<style>.ld_icon_box_69e73b615f8ee h3{margin-bottom:px;}.ld_icon_box_69e73b615f8ee .iconbox-icon-container{border-radius:px;}<\/style>\n<div class=\"iconbox iconbox-side iconbox-xs ld_icon_box_69e73b615f8ee\" id=\"ld_icon_box_69e73b615f8ee\"   >\n\t\n\t\t<div class=\"iconbox-icon-wrap\"><span class=\"iconbox-icon-container\"><i class=\"fas fa-file-pdf\"><\/i><\/span><\/div><!-- \/.iconbox-icon-wrap -->\t\n\t\t\n\t<div class=\"contents\">\t\n\t\t<p><a href=\"https:\/\/o-s-p-l.org\/wp-content\/uploads\/2023\/09\/PLANILLA-DE-ASISTENCIA-PARA-MAE-AIE-O-AT.pdf\">PLANILLA DE ASISTENCIA PARA MAE &#8211; AIE O AT<\/a><\/p>\n\t\t\n\t<\/div>\t\n\t<a href=\"https:\/\/o-s-p-l.org\/wp-content\/uploads\/2023\/09\/INSTRUCTIVO-Y-FORMULARIOS-PRESTACIONES-EDUCATIVAS-TERAPEUTICAS.pdf\" title=\"INSTRUCTIVO Y FORMULARIOS PRESTACIONES EDUCATIVAS TERAPEUTICAS\" class=\"liquid-overlay-link z-index-2\"><\/a>\n<\/div>\n<style>.ld_icon_box_69e73b615fa30 h3{margin-bottom:px;}.ld_icon_box_69e73b615fa30 .iconbox-icon-container{border-radius:px;}<\/style>\n<div class=\"iconbox iconbox-side iconbox-xs ld_icon_box_69e73b615fa30\" id=\"ld_icon_box_69e73b615fa30\"   >\n\t\n\t\t<div class=\"iconbox-icon-wrap\"><span class=\"iconbox-icon-container\"><i class=\"fas fa-file-pdf\"><\/i><\/span><\/div><!-- \/.iconbox-icon-wrap -->\t\n\t\t\n\t<div class=\"contents\">\t\n\t\t<p><a href=\"https:\/\/o-s-p-l.org\/wp-content\/uploads\/2023\/09\/PLANILLA-DE-ASISTENCIA-X-SESION-Y-MENSUAL.pdf\">PLANILLA DE ASISTENCIA X SESION Y MENSUAL<\/a><\/p>\n\t\t\n\t<\/div>\t\n\t<a href=\"https:\/\/o-s-p-l.org\/wp-content\/uploads\/2023\/09\/INSTRUCTIVO-Y-FORMULARIOS-PRESTACIONES-EDUCATIVAS-TERAPEUTICAS.pdf\" title=\"INSTRUCTIVO Y FORMULARIOS PRESTACIONES EDUCATIVAS TERAPEUTICAS\" class=\"liquid-overlay-link z-index-2\"><\/a>\n<\/div>\n<style>.ld_icon_box_69e73b615fb1d h3{margin-bottom:px;}.ld_icon_box_69e73b615fb1d .iconbox-icon-container{border-radius:px;}<\/style>\n<div class=\"iconbox iconbox-side iconbox-xs ld_icon_box_69e73b615fb1d\" id=\"ld_icon_box_69e73b615fb1d\"   >\n\t\n\t\t<div class=\"iconbox-icon-wrap\"><span class=\"iconbox-icon-container\"><i class=\"fas fa-file-pdf\"><\/i><\/span><\/div><!-- \/.iconbox-icon-wrap -->\t\n\t\t\n\t<div class=\"contents\">\t\n\t\t<p><a href=\"https:\/\/o-s-p-l.org\/wp-content\/uploads\/2023\/09\/REQUISITOS-PARA-EL-ENVIO-DE-LA-FACTURACION-2023.pdf\">REQUISITOS PARA EL ENVIO DE LA FACTURACION 2023<\/a><\/p>\n\t\t\n\t<\/div>\t\n\t<a href=\"https:\/\/o-s-p-l.org\/wp-content\/uploads\/2023\/09\/INSTRUCTIVO-Y-FORMULARIOS-PRESTACIONES-EDUCATIVAS-TERAPEUTICAS.pdf\" title=\"INSTRUCTIVO Y FORMULARIOS PRESTACIONES EDUCATIVAS TERAPEUTICAS\" class=\"liquid-overlay-link z-index-2\"><\/a>\n<\/div>\n[\/vc_column_inner][\/vc_row_inner][vc_empty_space height=&#8221;80px&#8221;][\/vc_column][\/vc_row][vc_row equal_height=&#8221;yes&#8221; content_placement=&#8221;middle&#8221; css=&#8221;.vc_custom_1695395238962{padding-top: 20px !important;padding-bottom: 20px !important;background-color: #ff7012 !important;}&#8221;][vc_column][vc_row_inner content_placement=&#8221;middle&#8221;][vc_column_inner width=&#8221;2\/3&#8243;]<style>.ld_fancy_heading_69e73b615fbf8 h6{font-size:25px;line-height:1.2em;font-weight:600;letter-spacing:-0.015em;color:rgb(255, 255, 255);}@media (min-width: 992px) { .ld_fancy_heading_69e73b615fbf8 h6 {margin-bottom:0px !important;  }  } .ld_fancy_heading_69e73b615fbf8 .lqd-highlight-inner{height:0.275em;bottom:0px;}@media (min-width: 992px) { .ld_fancy_heading_69e73b615fbf8 h6 {margin-bottom:0px !important;  }  } <\/style><div class=\"ld-fancy-heading mask-text text-underline ld_fancy_heading_69e73b615fbf8\">\n\t<h6 class=\"lqd-highlight-underline lqd-highlight-grow-left\" data-fittext=\"true\" data-fittext-options='{\"compressor\":0.5,\"maxFontSize\":\"currentFontSize\",\"minFontSize\":\"25\"}' data-split-text=\"true\" data-custom-animations=\"true\" data-ca-options='{\"triggerHandler\":\"inview\",\"animationTarget\":\".lqd-lines .split-inner\",\"duration\":700,\"delay\":100,\"easing\":\"easeOutQuint\",\"direction\":\"forward\",\"initValues\":{\"translateY\":84,\"rotateZ\":10},\"animations\":{\"translateY\":0,\"rotateZ\":0}}' data-split-options='{\"type\":\"lines\"}'><span class=\"ld-fh-txt\"> ACCED\u00c9 A LA SALUD QUE QUER\u00c9S PARA VOS Y TU FAMILIA<\/span><\/h6><\/div>[\/vc_column_inner][vc_column_inner width=&#8221;1\/3&#8243;]<style>.ld_button_69e73b616081f.btn-icon-solid .btn-icon{background:rgb(255, 255, 255);}.ld_button_69e73b616081f.btn-icon-circle.btn-icon-ripple .btn-icon:before{border-color:rgb(255, 255, 255);}.ld_button_69e73b616081f.btn-icon-solid:hover .btn-icon{background:#008fd1;}.ld_button_69e73b616081f{background-color:rgb(255, 255, 255);border-color:rgb(255, 255, 255);color:#008fd1;font-size:15px !important;letter-spacing:0.01em !important;}.ld_button_69e73b616081f:hover{background-color:#008fd1;border-color:#008fd1;}.ld_button_69e73b616081f .btn-gradient-bg-hover{background:-webkit-linear-gradient(to right, #008fd1 0%, #008fd1 100%);background:linear-gradient(to right, #008fd1 0%, #008fd1 100%);}.ld_button_69e73b616081f .btn-gradient-border defs stop:first-child{stop-color:rgb(255, 255, 255);}.ld_button_69e73b616081f .btn-gradient-border defs stop:last-child{stop-color:rgb(255, 255, 255);}.ld_button_69e73b616081f:hover .btn-gradient-border defs stop:first-child{stop-color:#008fd1;}.ld_button_69e73b616081f:hover .btn-gradient-border defs stop:last-child{stop-color:#008fd1;}<\/style><a href=\"mailto:afiliacionesospl@gmail.com\" class=\"btn btn-solid round btn-bordered border-thin ld_button_69e73b616081f vc_custom_1695395122135\">\n\t<span>\n\t\t\n\t\t\t\t\t<span class=\"btn-txt\">SABER M\u00c1S<\/span>\n\t\t\t\n\t\t\t\t<\/span>\n<\/a>\n[\/vc_column_inner][\/vc_row_inner][\/vc_column][\/vc_row]<\/p>\n<\/section>","protected":false},"excerpt":{"rendered":"<p>[vc_row css=&#8221;.vc_custom_1692288943315{padding-top: 55px !important;padding-bottom: 15px !important;background-color: #008fd3 !important;}&#8221;][vc_column][vc_row_inner][vc_column_inner][vc_column_text] Discapacidad 2023 [\/vc_column_text][\/vc_column_inner][\/vc_row_inner][\/vc_column][\/vc_row][vc_row content_placement=&#8221;middle&#8221; css=&#8221;.vc_custom_1547137423651{padding-top: 120px !important;padding-bottom:&#8230;<\/p>\n","protected":false},"author":2,"featured_media":0,"parent":0,"menu_order":0,"comment_status":"closed","ping_status":"open","template":"","meta":{"footnotes":""},"_links":{"self":[{"href":"https:\/\/ospl.ar\/index.php\/wp-json\/wp\/v2\/pages\/4280"}],"collection":[{"href":"https:\/\/ospl.ar\/index.php\/wp-json\/wp\/v2\/pages"}],"about":[{"href":"https:\/\/ospl.ar\/index.php\/wp-json\/wp\/v2\/types\/page"}],"author":[{"embeddable":true,"href":"https:\/\/ospl.ar\/index.php\/wp-json\/wp\/v2\/users\/2"}],"replies":[{"embeddable":true,"href":"https:\/\/ospl.ar\/index.php\/wp-json\/wp\/v2\/comments?post=4280"}],"version-history":[{"count":17,"href":"https:\/\/ospl.ar\/index.php\/wp-json\/wp\/v2\/pages\/4280\/revisions"}],"predecessor-version":[{"id":4417,"href":"https:\/\/ospl.ar\/index.php\/wp-json\/wp\/v2\/pages\/4280\/revisions\/4417"}],"wp:attachment":[{"href":"https:\/\/ospl.ar\/index.php\/wp-json\/wp\/v2\/media?parent=4280"}],"curies":[{"name":"wp","href":"https:\/\/api.w.org\/{rel}","templated":true}]}}